{"id":90,"date":"2017-09-14T22:54:03","date_gmt":"2017-09-14T20:54:03","guid":{"rendered":"http:\/\/gregorytimal.be\/?page_id=90"},"modified":"2020-11-17T17:58:19","modified_gmt":"2020-11-17T16:58:19","slug":"a-propos","status":"publish","type":"page","link":"http:\/\/gregorytimal.be\/index.php\/a-propos\/","title":{"rendered":"A propos"},"content":{"rendered":"<p><span style=\"color: #000000;\">Ing\u00e9nieur agronome des eaux et for\u00eats, dipl\u00f4m\u00e9 de la facult\u00e9 des sciences agronomiques de Louvain (UCL, 2000)<\/span><br \/>\n<span style=\"color: #000000;\">Membre de la F\u00e9d\u00e9ration Nationale des Experts Forestiers de Belgique (FNEF)<\/span><br \/>\n<span style=\"color: #000000;\">Chercheur et formateur en sylviculture au Centre de D\u00e9veloppement Agroforestier de Chimay (CDAF)<\/span><\/p>\n<p><img loading=\"lazy\" class=\"size-medium wp-image-65 aligncenter\" src=\"http:\/\/gregorytimal.be\/wp-content\/uploads\/2017\/09\/fnef-300x300.jpg\" alt=\"\" width=\"300\" height=\"300\" srcset=\"http:\/\/gregorytimal.be\/wp-content\/uploads\/2017\/09\/fnef-300x300.jpg 300w, http:\/\/gregorytimal.be\/wp-content\/uploads\/2017\/09\/fnef-150x150.jpg 150w, http:\/\/gregorytimal.be\/wp-content\/uploads\/2017\/09\/fnef-768x768.jpg 768w, http:\/\/gregorytimal.be\/wp-content\/uploads\/2017\/09\/fnef-1024x1024.jpg 1024w, http:\/\/gregorytimal.be\/wp-content\/uploads\/2017\/09\/fnef.jpg 1240w\" sizes=\"(max-width: 300px) 100vw, 300px\" \/><\/p>\n","protected":false},"excerpt":{"rendered":"<p>Ing\u00e9nieur agronome des eaux et for\u00eats, dipl\u00f4m\u00e9 de la facult\u00e9 des sciences agronomiques de Louvain (UCL, 2000) Membre de la F\u00e9d\u00e9ration Nationale des Experts Forestiers de Belgique (FNEF) Chercheur et formateur en sylviculture au Centre de D\u00e9veloppement Agroforestier de Chimay (CDAF)<\/p>\n","protected":false},"author":1,"featured_media":3703,"parent":0,"menu_order":0,"comment_status":"closed","ping_status":"closed","template":"","meta":[],"_links":{"self":[{"href":"http:\/\/gregorytimal.be\/index.php\/wp-json\/wp\/v2\/pages\/90"}],"collection":[{"href":"http:\/\/gregorytimal.be\/index.php\/wp-json\/wp\/v2\/pages"}],"about":[{"href":"http:\/\/gregorytimal.be\/index.php\/wp-json\/wp\/v2\/types\/page"}],"author":[{"embeddable":true,"href":"http:\/\/gregorytimal.be\/index.php\/wp-json\/wp\/v2\/users\/1"}],"replies":[{"embeddable":true,"href":"http:\/\/gregorytimal.be\/index.php\/wp-json\/wp\/v2\/comments?post=90"}],"version-history":[{"count":4,"href":"http:\/\/gregorytimal.be\/index.php\/wp-json\/wp\/v2\/pages\/90\/revisions"}],"predecessor-version":[{"id":3737,"href":"http:\/\/gregorytimal.be\/index.php\/wp-json\/wp\/v2\/pages\/90\/revisions\/3737"}],"wp:featuredmedia":[{"embeddable":true,"href":"http:\/\/gregorytimal.be\/index.php\/wp-json\/wp\/v2\/media\/3703"}],"wp:attachment":[{"href":"http:\/\/gregorytimal.be\/index.php\/wp-json\/wp\/v2\/media?parent=90"}],"curies":[{"name":"wp","href":"https:\/\/api.w.org\/{rel}","templated":true}]}}

<p><span style="color: #000000;">Ingénieur agronome des eaux et forêts, diplômé de la faculté des sciences agronomiques de Louvain (UCL, 2000)</span><br />
<span style="color: #000000;">Membre de la Fédération Nationale des Experts Forestiers de Belgique (FNEF)</span><br />
<span style="color: #000000;">Chercheur et formateur en sylviculture au Centre de Développement Agroforestier de Chimay (CDAF)</span></p>
<p><img loading="lazy" class="size-medium wp-image-65 aligncenter" src="http://gregorytimal.be/wp-content/uploads/2017/09/fnef-300x300.jpg" alt="" width="300" height="300" srcset="http://gregorytimal.be/wp-content/uploads/2017/09/fnef-300x300.jpg 300w, http://gregorytimal.be/wp-content/uploads/2017/09/fnef-150x150.jpg 150w, http://gregorytimal.be/wp-content/uploads/2017/09/fnef-768x768.jpg 768w, http://gregorytimal.be/wp-content/uploads/2017/09/fnef-1024x1024.jpg 1024w, http://gregorytimal.be/wp-content/uploads/2017/09/fnef.jpg 1240w" sizes="(max-width: 300px) 100vw, 300px" /></p>

<p>Ingénieur agronome des eaux et forêts, diplômé de la faculté des sciences agronomiques de Louvain (UCL, 2000) Membre de la Fédération Nationale des Experts Forestiers de Belgique (FNEF) Chercheur et formateur en sylviculture au Centre de Développement Agroforestier de Chimay (CDAF)</p>
